) to base 14
-2286c1
Convert -35526054 (base 7) to base 4.
-30000333300
What is ab25b (base 13) in base 16?
4bbaf
What is -1b99bb (base 12) in base 2?
-1111000100101011111
Convert 56256 (base 14) to base 8.
630164
What is dc425 (base 14) in base 11?
334625
What is 1072806 (base 10) in base 9?
2014546
Convert 202201212021 (base 3) to base 6.
12425311
Convert -1000101111001101111000 (base 2) to base 8.
-10571570
What is -11626 (base 16) in base 6?
-1305354
-36811 (base 9) to base 2
-110000010001011
What is 8645bc (base 13) in base 11?
1862849
What is 352032 (base 10) in base 4?
1111330200
1110010121111 (base 3) to base 7
6355453
-2274438 (base 9) to base 3
-2022111111022
Convert -2108390 (base 10) to base 7.
-23630624
414201 (base 6) to base 12
17361
What is -138505 (base 9) in base 15?
-1a29e
Convert 10101012111 (base 3) to base 8.
201667
What is 9d912 (base 14) in base 11?
2419a0
-6135016 (base 8) to base 10
-1620494
What is 215125 (base 8) in base 13?
26b8a
What is 2020211212012 (base 3) in base 13?
32c186
Convert -30ae0a (base 15) to base 13.
-630958
What is 11012112202012 (base 3) in base 6?
115522522
What is 1201024332 (base 6) in base 8?
63346100
What is -4893b (base 12) in base 7?
-556016
-358588 (base 15) to base 16
-270e0f
-22608c (base 13) to base 6
-25231530
-66532104 (base 7) to base 6
-323002013
What is -1001110111110100011 (base 2) in base 16?
-4efa3
-140155 (base 15) to base 12
-3a4998
Convert 13132431 (base 7) to base 9.
2231013
What is 1414228 (base 11) in base 5?
1110423002
Convert -3bb45f (base 16) to base 2.
-1110111011010001011111
Convert -66bd27 (base 14) to base 6.
-202450211
What is -700117 (base 10) in base 9?
-1276337
What is 221210211211 (base 3) in base 14?
d31ba
What is -264250 (base 9) in base 13?
-5812b
What is 6289a4a (base 11) in base 16?
a9186f
What is 570068 (base 9) in base 8?
1232362
-10749 (base 13) to base 8
-72155
-10212202021 (base 3) to base 16
-12a4b
-2104401 (base 6) to base 14
-292c9
What is -1055724 (base 8) in base 7?
-2266543
What is 181496 (base 10) in base 11?
1143a7
What is 45595 (base 13) in base 7?
1033630
Convert 1aa0aa (base 11) to base 9.
538155
-3225423 (base 6) to base 11
-a97a5
101010011010101001 (base 2) to base 15
36727
Convert -1132403011 (base 5) to base 4.
-22000030300
What is 3304613 (base 8) in base 7?
10353346
What is 343154015 (base 6) in base 10?
6313691
What is 11a2553 (base 12) in base 10?
3446415
What is 557b75 (base 13) in base 12?
813024
12d80b (base 16) to base 5
304004310
What is -83ccfa (base 16) in base 6?
-505045150
Convert 403230422 (base 6) to base 9.
13842785
What is -984204 (base 10) in base 16?
-f048c
Convert 2210211033 (base 4) to base 5.
133033002
10022201122 (base 4) to base 10
1091674
17c760 (base 14) to base 10
841120
-42003131 (base 6) to base 12
-4a64a7
-6d20b0 (base 16) to base 6
-413142052
c39 (base 13) to base 3
2211220
What is -b979 (base 13) in base 14?
-9580
Convert 21312011032 (base 4) to base 15.
35ea44
-1284857 (base 10) to base 11
-7a8372
413221204 (base 5) to base 2
110011101110111001011
2e68 (base 16) to base 6
131000
What is -566062 (base 7) in base 8?
-304277
-272808 (base 10) to base 14
-715c4
-2391b6 (base 12) to base 14
-10db3c
What is 2006266 (base 9) in base 2?
100000100100111010110
Convert -4264762 (base 8) to base 4.
-10112213302
What is 38cb9 (base 14) in base 6?
2554455
-9755a (base 11) to base 7
-1130166
Convert -766627 (base 8) to base 9.
-432114
-1ea6d (base 15) to base 5
-11201403
-223100132 (base 4) to base 6
-3444142
What is 9388 (base 14) in base 3?
1021211220
What is -1018384 (base 13) in base 15?
-664041
What is 404345 (base 11) in base 7?
5344604
Convert -1022010222220 (base 3) to base 7.
-5610651
2131103020 (base 4) to base 7
5322262
1122212212210 (base 3) to base 15
126b76
What is 14177332 (base 8) in base 16?
30feda
-11b99da (base 14) to base 11
-4897703
What is 55203503 (base 7) in base 13?
c9cb4b
21602 (base 7) to base 5
133231
72b3 (base 16) to base 2
111001010110011
341306 (base 7) to base 9
102015
-823d3 (base 15) to base 14
-aa531
Convert 150543 (base 9) to base 7.
533043
-1042224102 (base 5) to base 2
-1000110010101110000110
-545466 (base 9) to base 4
-1033132032
What is 714476 (base 8) in base 15?
49d28
-1010011011001110001 (base 2) to base 14
-8c6d3
-23c36e (base 15) to base 14
-327c2c
Convert -1110000011000111000 (base 2) to base 8.
-1603070
What is -10441020 (base 9) in base 4?
-103033332030
What is -111101110000100001 (base 2) in base 11?
-163065
Convert 1031223333 (base 5) to base 3.
11011100001100
-100122121120 (base 3) to base 9
-318546
What is 136501 (base 8) in base 4?
23311001
What is d80d7 (base 15) in base 13?
1acc26
-11460772 (base 8) to base 5
-1120443300
What is 3304302240 (base 5) in base 15?
954ad0
-185ba4 (base 12) to base 8
-1476154
Convert 26326 (base 12) to base 13.
1aa63
Convert -511574 (base 8) to base 3.
-22120120220
What is -512225 (base 9) in base 12?
-127735
What is -1110100110011011100000 (base 2) in base 13?
-a40163
-554167 (base 10) to base 13
-165313
What is -43322043 (base 7) in base 2?
-1110001000000100010011
-1065012 (base 7) to base 4
-200222103
What is 1101101101110111 (base 2) in base 3?
2212001212
What is -48055 (base 16) in base 11?
-1916aa
10101101010010010001 (base 2) to base 16
ad491
Convert -2060431 (base 9) to base 14.
-209b72
What is -1040213 (base 6) in base 4?
-30223101
Convert -101202001212 (base 3) to base 10.
-211460
What is -14045502 (base 6) in base 3?
-220000211202
What is -75be3 (base 16) in base 12?
-1b3117
-e1a (base 16) to base 12
-210a
What is -169175 (base 11) in base 3?
-111021010121
Convert 31543223 (base 8) to base 10.
6735507
Convert -4332a (base 14) to base 5.
-20200042
Convert -1020211010221 (base 3) to base 8.
-2424123
314067 (base 8) to base 15
20e6d
Convert 121202502 (base 7) to base 15.
9e6323
169bd4 (base 16) to base 8
5515724
343862 (base 9) to base 6
4231002
Convert -5952765 (base 10) to base 11.
-33a6445
-1002002110020 (base 3) to base 2
-10001011110010110011
14b882 (base 15) to base 2
11110100010111011010
20200010221100 (base 3) to base 15
4a0926
651d36 (base 15) to base 13
cc7c56
2312211 (base 10) to base 8
10644023
-2369377 (base 10) to base 11
-137916a
Convert -20a82 (base 13) to base 14.
-17686
Convert -3ba7c (base 15) to base 16.
-2eb87
What is 11222211022 (base 3) in base 12?
48a68
22220313012 (base 4) to base 13
7684a7
Convert -2d0bb (base 14) to base 7.
-646324
3120220 (base 7) to base 10
374668
-161485 (base 14) to base 12
-3128a5
Convert 3347d5 (base 15) to base 5.
1111222100
What is -4232014 (base 5) in base 9?
-117210
What is -81255 (base 9) in base 15?
-10c6e
Convert 1210101211220 (base 3) to base 2.
11101000100101110100
3aa62 (base 13) to base 6
2202331
Convert bfc00 (base 16) to base 9.
1426335
-57782a2 (base 12) to base 4
-1000031022122
Convert 342b19 (base 12) to base 11.
51aa78
-4025160 (base 7) to base 4
-1310200110
Convert -3023411 (base 5) to base 16.
-bdde
Convert -3a13d (base 16) to base 7.
-2010354
2132221 (base 9) to base 3
2011002020201
4541b5 (base 14) to base 8
10767023
1010202112 (base 3) to base 7
122243
What is -e0739 (base 16) in base 6?
-31412133
5068550 (base 11) to base 7
136063404
What is 124121022 (base 5) in base 14?
11da11
Convert -11021101110 (base 3) to base 9.
-137343
3312424 (base 6) to base 8
502500
453b3 (base 12) to base 7
532443
Convert -10000101101101001 (base 2) to base 4.
-100231221
-122320010300 (base 4) to base 9
-14227448
-367664 (base 8) to base 11
-87384
-103200454 (base 6) to base 16
-1c0132
What is -3c649 (base 14) in base 2?
-100100011110101001
Convert 111010022020201 (base 3) to base 4.
122212211203
196472b (base 12) to base 10
5357843
Convert 1523004 (base 6) to base 15.
1b48a
Convert 21101111122 (base 3) to base 6.
3041155
Convert -224351 (base 8) to base 4.
-102203221
Convert -11868 (base 14) to base 11.
-2a198
What is -311324430 (base 5) in base 6?
-43211225
1000000110111011011110 (base 2) to base 14
3d487c
What is 12120001102 (base 3) in base 2?
11010101101001100
-332112223 (base 4) to base 16
-3e5ab
Convert 88b987 (base 12) to base 14.
4094c7
45113411 (base 6) to base 14
276979
Convert -1249b8 (base 15) to base 6.
-30441015
Convert 101131 (base 9) to base 8.
164757
What 